te the highest common divisor of 22 and b.
22
Suppose -10*n - 133 + 283 = 0. Let p = 1 + 29. Calculate the greatest common factor of p and n.
15
Suppose 0 = -5*g + 6 - 36. Let q = 24 + g. What is the greatest common divisor of 12 and q?
6
Let w be (-1)/((6/75)/(-2)). Let c = 62 - w. Let r = c + -12. What is the greatest common divisor of 5 and r?
5
Let v(a) = -12*a - 104. Let u be v(-25). Calculate the greatest common factor of u and 28.
28
Suppose i = 2*j + 6, 5*i + 2*j - 3 = 3*j. Let v be i - (-12)/2 - 3. Suppose -2*u = -v*u + 24. What is the greatest common divisor of 6 and u?
6
Let f = -11 + 3. Let z(x) = -2*x + 8. Let a be z(f). Suppose 0 = 6*m + m - 21. What is the highest common factor of a and m?
3
Let h = 57 + 272. What is the greatest common factor of 7 and h?
7
Let z = -2 - -19. Let l be ((-12)/(-14))/(z/1428). Calculate the highest common factor of l and 18.
18
Suppose -46*r = -d - 49*r + 53, -2*d + 92 = -r. Let x = 280 - 45. Calculate the highest common divisor of d and x.
47
Suppose -4*h - 2337 = -3*o, o + 15*h = 20*h + 790. What is the highest common factor of 31 and o?
31
Let b(c) = c**3 - 11*c**2 + 21*c - 13. Let j be b(9). Calculate the highest common divisor of 36 and j.
2
Let b = -10069 - -10089. Let l(z) = 13*z**2 - 4*z - 4. Let r be l(-4). Calculate the greatest common factor of b and r.
20
Let h be 7*(4 + (-4 - 1)). Let t be ((-40)/6)/((-8)/(-36)). Let y be (h + 0)*t/21. Calculate the greatest common factor of 90 and y.
10
Suppose -2475 - 385 = -10*h. What is the highest common factor of 26 and h?
26
Suppose -4*p - m = m - 20, p = -5*m - 4. Suppose -d - 360 = -p*d. Suppose 2*z - 27 = -3*w + z, 4*z = 4*w - 20. Calculate the highest common factor of d and w.
8
Let t be -25*6*(-1)/10. Let w = t - 12. Suppose 3*d + 153 = 6*d - w*y, 0 = -d + 2*y + 46. What is the greatest common factor of 7 and d?
7
Suppose -5*v = -4*v - 6. Let w be 8/12*216/(v - 3). Calculate the highest common factor of 32 and w.
16
Suppose 0 = 2*w - 17 - 65. Suppose 0 = -2*r + u + w, 3*u + 87 = 4*r - 0*u. Let p = -46 + 172. What is the highest common divisor of p and r?
18
Let o(p) = -7*p + 143. Let l be o(17). Calculate the highest common divisor of l and 28.
4
Suppose 4*r = -5*c + 13, -4*r = -5*c - 28 - 15. Suppose x - 28 = z, -4*x + r*x + 5*z = 84. Calculate the greatest common factor of x and 4.
4
Let k(n) = -20*n - 3. Suppose -4*t + 20 = -9*t. Let p be k(t). Calculate the highest common divisor of p and 11.
11
Suppose -587 = -6*j + 61. What is the greatest common factor of 144 and j?
36
Suppose 2 = 4*r - 6. Suppose -23 = r*w - 3*w. Calculate the greatest common divisor of w and 207.
23
Suppose 52 = 2*s - 4*p, 0 = -3*p + 21 - 6. Calculate the greatest common factor of s and 108.
36
Suppose 699 = -17*u + 3453. Calculate the greatest common factor of 36 and u.
18
Let g be (159/5 - 2)/(1/5). Suppose -44 = d - g. What is the highest common divisor of 21 and d?
21
Suppose 5*k + f = -30, 2*f = -3*k + 2*k + 3. Let x be k + 8 - 5*-1. Calculate the greatest common factor of 9 and x.
3
Suppose 21 + 75 = 4*z. Let r be (-80)/(-3)*72/16. Suppose -3*b - r = -8*b. What is the greatest common factor of b and z?
24
Let p = -66 + 71. Suppose 0 = -s + p*r + 30, -5*s = -0*s - 5*r - 50. What is the greatest common divisor of s and 40?
5
Suppose -s - 3*q = -324, -2*s = -4*q - 231 - 377. Calculate the greatest common factor of 216 and s.
24
Suppose 12 = g + 17, 5*g - 83 = -4*w. Let v = -669 + 966. What is the highest common divisor of w and v?
27
Let w = 634 + -342. What is the highest common divisor of 4 and w?
4
Let g(i) = i**3 + 14*i**2 + 19*i + 49. Let m be g(-11). Calculate the greatest common factor of m and 7.
7
Let d = -2924 + 2932. Calculate the highest common divisor of d and 3208.
8
Let b(w) = w**3 + 14*w**2 + 8*w + 1. Let m be b(-13). Calculate the greatest common factor of 528 and m.
66
Let d = -76 + 136. What is the greatest common factor of d and 45?
15
Let n be -3 + 0 - (-932 - 2). Suppose -6*i + n = 91. What is the highest common factor of i and 20?
20
Suppose -4*g = 9 - 29. Suppose -g*t - 4*i + 28 = -14, -3*t = i - 28. What is the highest common factor of t and 80?
10
Let u = -248 + 460. Suppose z = 19 + u. Calculate the highest common factor of z and 33.
33
Let d(b) = 2*b**2 + 10*b + 4. Let a be d(-4). Let t be ((-5 - -9)*-6)/(6/a). What is the greatest common factor of 64 and t?
16
Let s = -1160 + 1272. Calculate the greatest common factor of 176 and s.
16
Let n(l) = l**3 + 6*l**2 - 4*l - 4. Let c = 36 + -42. Let i be n(c). What is the highest common factor of 4 and i?
4
Let t = 1552 - 1549. Let w be 2/3 - 280/(-12). What is the greatest common factor of w and t?
3
Suppose 0 = -0*l + 3*l - 4*k - 56, -5*k - 25 = 0. Let t = -857 - -965. Calculate the greatest common factor of l and t.
12
Let v(l) = 9*l - 12. Let j be v(9). Let o = j - -27. What is the greatest common divisor of o and 16?
16
Let d = -612 + 972. What is the greatest common factor of 135 and d?
45
Let d = -255 - -301. What is the highest common factor of 736 and d?
46
Let u(b) = -b**3 - 5*b**2 - 12*b - 17. Let c be u(-4). Suppose -4*m = m + 5*t - 40, -t - 10 = -m. What is the highest common divisor of c and m?
3
Let y(n) = -3*n**3 - 112*n**2 - 147*n - 100. Let h be y(-36). Let g be (27/2)/((-3)/(-16)). Calculate the highest common divisor of h and g.
8
Let i be ((-4)/(-5))/(-4 + 728/180). Suppose -5*f - 4*z + 100 = 0, 28 = 5*f + 3*z - 77. Suppose -f = -3*g + g. What is the greatest common factor of g and i?
6
Suppose 0 = g - u - 3, -4*u = u - 15. Suppose -15*k = -11*k - 236. Let q = -58 + k. Calculate the greatest common divisor of g and q.
1
Let z(a) = a**2 - 10*a - 15. Let l = -108 - -120. Let x be z(l). Let i be 99/(-4)*(-3 + -1). What is the greatest common factor of i and x?
9
Let s(i) = -2*i + 14. Suppose -4*l + 70 = 10. Let v be (12 - l)/((-2)/4). Let f be s(v). Calculate the greatest common divisor of f and 8.
2
Let j(d) = -40*d - 59. Let i be j(-2). What is the greatest common divisor of 77 and i?
7
Suppose 501 = 4*z + 181. Let p(o) = 3*o**2 - 3*o - 2. Suppose u - 2 = 6*y - 2*y, -5*y = 5. Let x be p(u). Calculate the greatest common divisor of x and z.
16
Let k be 6/(-4) - 16/32. Let b be ((-22)/165)/(k/6)*170. Calculate the greatest common factor of b and 4.
4
Let k(g) = -6*g**2 + 73*g - 6. Let l be k(12). Calculate the highest common factor of l and 114.
6
Let j(o) = 26*o + 165. Let f be j(-6). Suppose 3*t + 9 = 36. Calculate the greatest common factor of f and t.
9
Let y(k) = 2*k**3 - k**2 + k - 2. Let i be y(2). Let q be (-10)/(-1 + (-10)/(-12)). Calculate the highest common divisor of i and q.
12
Let y = 383 + 246. What is the greatest common factor of y and 17?
17
Let d(t) = -t**3 - 16*t**2 + 44*t - 124. Let n be d(-19). What is the greatest common divisor of 6 and n?
3
Let q(g) = g**2 - g + 1. Let p(c) = 4*c**2 + 6*c - 8. Let t(z) = p(z) - 5*q(z). Let y be t(4). Calculate the highest common divisor of 165 and y.
15
Let d be (21/2)/((-3)/(-6)). Let x(r) = r**2 - 3*r + 2. Let c be x(2). Suppose -o = -c*o - 105. Calculate the greatest common factor of d and o.
21
Let p be 222/(-8)*24/(3 + -4). What is the greatest common divisor of 74 and p?
74
Let r(y) = 9*y**2. Let c be r(-2). Let m be (-12)/(1 + (-14)/12). Suppose m = 4*j + 5*w, -2*w - 1 = 3*j - 55. What is the highest common factor of j and c?
18
Let n = 589 + -573. Calculate the highest common factor of n and 624.
16
Let o(h) = h**3 + 11*h**2 + 19*h + 9. Let z be o(-9). Suppose z = -5*u + 250 + 155. Calculate the highest common factor of u and 9.
9
Let b be 2 + 3 + (-5 - -4). Suppose -3 = -a + 45. Suppose 0*j + a = 2*j + b*w, -5*j + 100 = 5*w. Calculate the highest common divisor of 176 and j.
16
Let y be (3990/4)/(-7)*-2. Calculate the highest common factor of 30 and y.
15
Let q = 14 - 3. Let z be (-186)/(-5) - 1/5. Let s = z + -4. Calculate the highest common divisor of q and s.
11
Let m = 694 + -686. Calculate the greatest common divisor of m and 296.
8
Let x(a) = -2*a + 8. Let b be x(-5). What is the greatest common divisor of b and 42?
6
Suppose -5*l + 5*n = -395, 2*l - 203 = 3*n - 42. What is the greatest common factor of l and 95?
19
Let n = 105 - 96. What is the greatest common divisor of n and 9?
9
Suppose -10*i